Let n(u) = 4*u**3 - 9*u**2 + 8. Suppose 4 + 5 = i. Let c(r) = r**3 - 2*r**2 + 2. Let l(y) = i*c(y) - 2*n(y). Determine l(m).
-6
Suppose -143 = 366*v - 353*v. Let o(p) = -p + 1. Calculate o(v).
12
Suppose -22*o + 12*o = -30. Let k(u) = 0*u + 9*u - 5 - o*u + 4. Calculate k(-1).
-7
Let n(h) = h**2 - 10*h - 120. Let i be -17*((19 - 22) + 2/1). Let u be n(i). Let l(w) = -20*w + 1. What is l(u)?
21
Let n(t) = 2*t**3 - 305*t**2 + 143*t + 1355. Let p be n(152). Let v(b) = -13*b + 17 + b - b**2 + 0*b. Determine v(p).
4
Let k(t) be the first derivative of -t**4/4 + t**3/3 + 2*t**2 + 7*t + 3532. What is k(0)?
7
Let y be -2*2/(-4) - (-57 - 205). Let x = 259 - y. Let q(a) = a - 5. Give q(x).
-9
Let f = -11784 - -11784. Let g(y) be the second derivative of -1/12*y**4 + f + 0*y**2 - 5*y + y**3. What is g(3)?
9
Let o(m) be the first derivative of -5*m**4/24 - m**3/6 - m**2/2 - 29*m + 55. Let w(h) be the second derivative of o(h). Suppose 6 = 3*x - 3. Give w(x).
-16
Let a(u) = u**3 + 8*u**2 - 18*u + 9. Let q(j) = 2*j**3 + 17*j**2 - 38*j + 18. Let l(k) = 5*a(k) - 2*q(k). Determine l(-8).
-7
Let f(q) be the third derivative of -q**5/60 - 7*q**4/24 + 5*q**3/3 + 1895*q**2. Let m be 24/10*(-20)/6. Calculate f(m).
2
Let j(i) = i**3 - 7*i**2 - 11*i + 2. Let l(x) = -30*x - 2633. Let b be l(-88). Determine j(b).
-75
Let n(w) = w**2 + 22*w + 118. Let u = 499 - 513. Calculate n(u).
6
Let g(l) be the third derivative of l**4/8 + l**3/6 - 1969*l**2. Determine g(-1).
-2
Let k(q) = 2525*q + 13*q**2 - 1262*q - 1262*q - 25 + 2*q**3. Give k(-6).
5
Let n be 65 + (10 + -6)/4*4. Let g(v) = n*v - 284*v + 78*v - v**2 + 70*v + 3 + 72*v. Suppose -5*i - k = -18, -i + 0*k = k - 6. Determine g(i).
9
Let o(k) = -k**2 + 13*k + 22. Let j = -52 + 64. Let t be o(j). Let n(h) = 31*h - 2*h**2 + h**3 + t*h - 5 - 4*h**2 - 62*h. Give n(5).
-15
Let i(l) be the first derivative of 21*l**2/2 - l - 551. Give i(1).
20
Suppose 2*i - 9 = -x - 0, -2*x - i = -9. Let o(m) = m**3 - 3*m**2 + 5*m - 5. Let l be o(x). Let v(y) = y**3 - 10*y**2 + 8. Calculate v(l).
8
Suppose 259 = -11*q + 4*q. Let u be -3 - (-3 - -2) - q. Suppose -39*b + 20 = -u*b. Let l(p) = -p**2 + 7*p - 5. Give l(b).
5
Let d(f) = -3*f - 4*f**3 - 1 + 3*f**3 - f + 2*f**2. Let n = 65581 + -65578. Give d(n).
-22
Let y(f) = f**2 + f - 77. Let u be (-6)/12*(8 + -8). Calculate y(u).
-77
Let c(k) = -12009*k**2 + 23983*k**2 - 64*k - k**3 - 12009*k**2 + 33 - 109*k. What is c(-29)?
4
Let x(s) = -57 - 19*s + 25 + 25 - 2*s**2. Let i be x(-11). Let b = -41 - i. Let m(r) = -8*r**3 - r**2 + 1. Give m(b).
8
Let s(t) = 25*t - 8. Let f(n) = 85*n - 82. Let l be f(1). Calculate s(l).
67
Suppose -8*y - 7 = -9*y. Let q(j) = -7*j**2 + y*j**2 + j**2 + 7*j - 2*j**2 - 9. Let d be (-38)/(-5) - (-18)/(-30). Give q(d).
-9
Let b be 2/(-2 - 0) + 2. Suppose 5*f - 4*u = -0*u + 13, -2*u = -6. Let z(y) = f + b - 5 + y. Determine z(-3).
-2
Let b(y) = -y**3 - 20*y**2 + 93*y - 79. Let o be b(-24). Let m(a) = -a**3 - 9*a**2 - 16*a - 5. Determine m(o).
9
Let g(a) = 5*a**3 + 28. Let z(t) = -t**3 - 7. Let b(c) = 2*g(c) + 9*z(c). Let n = 13563 - 13563. Give b(n).
-7
Let l(j) = 2*j - 131 + 183 + 16. What is l(-23)?
22
Let j(p) = -5*p - 10. Let m(a) = -6*a - 9. Let q(o) = 5*j(o) - 4*m(o). Let d be ((-140)/3)/(-10)*(-9)/6. What is q(d)?
-7
Let l(q) = -q**2 + 17 - 12 - 18*q - 17 - 20. What is l(-17)?
-15
Let c(r) = r**2 + 46*r + 509. Let z be c(-19). Let h(d) be the third derivative of -d**6/120 - d**5/20 + d**4/4 + d**3 + 6*d**2. Determine h(z).
-2
Let g(p) be the second derivative of -p**3 + p**2/2 + p. Let m = 125 + -123. Suppose -4*d + 5*n = -16, m*n - n + 3 = d. Calculate g(d).
7
Let d(b) = 2*b**3 + 39*b**2 + 65*b + 196. Let y be d(-18). Let h(f) = 6*f**3 + 9*f**2 + 4*f + 6. What is h(y)?
-14
Let p = -411 - -413. Let z = 0 - -2. Let i(o) = z*o - 2*o + 2 + 0 + 5*o. Determine i(p).
12
Suppose 3*d = -4 + 19. Suppose 0 = -4*m - 3*b - b - 4, -d*m + 5*b = -45. Let a(g) = -g - g**3 - 406 - 2*g + 409 + m*g**2. Calculate a(3).
3
Let j be ((-6)/(-12))/(1/18). Let f(u) = -u + 1. Calculate f(j).
-8
Let l(z) be the third derivative of -z**5/60 + z**4/24 + 2*z**3/3 - 427*z**2. Determine l(-5).
-26
Suppose 2*a - 3*a = -3*v - 12, 5*a + v + 20 = 0. Let r be (77/14 + -8)*(-24)/20. Let q(p) = -p**r - 1109*p - p**2 + 553*p + 1 + 559*p. Give q(a).
10
Suppose -2*d = -0*l - 2*l + 6, 0 = -4*l + d + 9. Let z(c) = -3*c - c**l + 1 - 13*c**3 + 2 + 17*c**3. What is z(2)?
25
Let w(c) = 15*c - 7*c - 4*c - c + 7 - 2*c. Give w(5).
12
Suppose 10 = 5*p - 3*a, 9*p - 10 = 4*p - 5*a. Suppose g + g = -2*v - 4, -3*v - 5*g = p. Let u(d) = -2*d - 9. Let t be u(v). Let h(y) = 7*y + 1. What is h(t)?
-6
Let a(r) = -r**3 + 5*r**2 - 4*r + 58. Suppose -5*i - 3*w + 39 = 0, 2*w = 6*w - 12. Give a(i).
-2
Let s(o) = -o + 2*o + o - 2 - o + o**2. Let k be s(-4). Let x(m) = -k*m + 2 - 10*m + 21*m. Give x(-1).
1
Let y(v) = -7*v**3 - 26*v**2 - 19*v - 17. Let b(d) = -10*d**3 - 38*d**2 - 28*d - 24. Let f(l) = 9*b(l) - 13*y(l). What is f(6)?
47
Let q(a) be the second derivative of -5*a**2 - 1/20*a**5 + 0 - 1/6*a**3 - 3/4*a**4 + 207*a. Let h = 12 + -21. Determine q(h).
-1
Let p(k) = k**2 - 5*k + 2. Suppose -3*x - 21 = 6*s - 9*s, 0 = -4*s - 2*x + 22. Suppose 15*j - 84 = -s*j. Give p(j).
-2
Let g(a) = -9 - 2*a + 4 - 10 - 4 - 3. Let u be g(-8). Let c(d) = d**3 + 5*d**2 - 8*d - 6. Determine c(u).
6
Let r(t) = -2*t**3 + 44*t**2 - 3*t + 1. Suppose -45*o + 713 + 277 = 0. What is r(o)?
-65
Let r(j) = j**3 - 14*j**2 + 11*j + 160. Let c be r(12). Let i(p) = -3*p - 12. What is i(c)?
-24
Let x(a) = -a + 70. Let z be x(11). Let i = z + -76. Let w = i + 19. Let y(u) = -2*u**2 - u + 1. Calculate y(w).
-9
Let a(z) be the third derivative of -z**7/840 - z**6/40 + z**5/12 - z**4/3 + 107*z**3/6 - 22*z**2. Let w(f) be the first derivative of a(f). Calculate w(-10).
-8
Let k(g) = -39*g - 8. Suppose -20*r + 36479 = 36539. Give k(r).
109
Let p(s) be the second derivative of 1/6*s**3 - 2*s - 51 - 5/2*s**2 - 5/12*s**4 - 1/20*s**5. Give p(-5).
-10
Suppose y = 4*a + 3, 4*a - 6 = 2*y - 16. Let k(j) be the third derivative of -1/120*j**6 - 1/8*j**4 - 1/3*j**3 - y*j**2 + 0*j + 0 - 1/20*j**5. Give k(-2).
0
Let i(o) = -3*o - 7. Let z = 480 - 208. Let q = z + -276. Give i(q).
5
Let q = -294/185 + 2689/1110. Let i(a) be the third derivative of -1/24*a**4 + 26*a**2 + q*a**3 + 0*a + 0. Give i(-5).
10
Let i(d) = -d + 22. Let t(f) = f + 33. Let c be t(-8). Let p be i(c). Let j(l) = l**3 + 4*l**2 + 5*l + 2. Give j(p).
-4
Let a(t) = -9*t**3 - 9*t**2 - 11*t. Let x(j) = 19*j**3 + 19*j**2 + 24*j. Let r(l) = -13*a(l) - 6*x(l). Calculate r(1).
5
Let t(y) be the second derivative of 21*y + 1/12*y**4 - 1/6*y**3 - 1/2*y**2 - 12 - 1/4*y**5. Let z = -1 - 0. What is t(z)?
6
Let j(y) be the first derivative of y**4/4 + 4*y**3 - 7*y - 1. Let r be 1/((-10)/(-3120)*-26). What is j(r)?
-7
Let w(j) = 131*j - 14. Let x(z) = -213*z + 21. Let a(m) = 8*w(m) + 5*x(m). Calculate a(5).
-92
Let o(u) = -22*u + u**3 + 10 + 39*u - 24*u + 36*u - 18*u + 8*u**2. Calculate o(-6).
16
Let z(f) = 14*f + 16. Let h(j) = -27*j - 38. Let x(c) = 4*h(c) + 9*z(c). Give x(2).
28
Let i(p) = -7*p**3 + p**2 + p - 1. Suppose -8*t + 13 = -27. Suppose -t = 9*g - 14. Calculate i(g).
-6
Let s(j) = 7*j + 5. Let l = 72 + -73. Let x(m) = m - 5. Let g(v) = l*x(v) + s(v). Give g(-3).
-8
Let p(z) = 9*z**3 - 20*z**2 - 13*z - 44. Let k = -200 - -206. Let q(v) = -5*v**3 + 11*v**2 + 7*v + 22. Let d(r) = k*p(r) + 11*q(r). Determine d(0).
-22
Let p(q) = q**3 + 19*q**2 + 22*q - 225. Let j be p(-17). Let g(i) = i**2 + 25*i + 71. What is g(j)?
-13
Let c = -69 - -73. Let t(x) be the first derivative of x**3/3 - 3*x**2 + x - 8. What is t(c)?
-7
Let c(k) = -6*k**2 + 73*k + 3. Let w be c(11). Let g(a) = a**3 - 68*a + 11 + 0*a**3 + w*a - 13*a**2. Give g(12).
11
Let n(r) = 12. Let q(y) = -y**2 - 18*y + 60. Let x(h) = 6*n(h) - q(h). What is x(-11)?
-65
Let k = -1106 + 1131. Let f(a) = a**3 - 23*a**2 - 50*a + 10. What is f(k)?
10
Let v(f) = f**2 + 9*f + 10. Let d(b) = b**2 + 7*b + 10. Let q be d(-4). Let c be q*(-1)/(-8) - (-66)/(-24). Let h be 19/c + ((-2)/(-6) - 1). Determine v(h).
-4
Let s(c) = -2*c**2 + 41*c - 4. Suppose 3*l - 47 = 42*y - 38*y, -71 = -3*l - 2*y. Determine s(l).
-25
Let x(l) = 32*l - 24. Let h(f) be the first derivative of -3*f**2 +